) = -5606*g + 39250. What is b(7)?
8
Let c(q) = q**3 - 54*q**2 + 463*q - 2388. What is c(45)?
222
Let a(c) = -1999*c - 32405. What is a(-14)?
-4419
Let b(x) = -170680*x - 5632436. Calculate b(-33).
4
Let d(f) = f**3 - 220*f**2 + 1881*f - 5. Determine d(9).
-167
Let t(v) = -44*v**2 + 3379*v - 6749. Determine t(2).
-167
Let a(z) = 328*z**2 - 41340*z + 1508. Give a(126).
-4
Let r(h) = 188*h**2 + 4515*h + 29. Determine r(-24).
-43
Let o(n) = -4*n**2 - 5226*n - 168115. Calculate o(-33).
-13
Let f(s) = -8674*s - 52053. What is f(-6)?
-9
Let b(s) = 14*s**2 - 981*s + 8497. Calculate b(60).
37
Let q(c) = -3*c**2 + 136*c - 1385. Give q(16).
23
Let y(u) = u**3 + 4*u**2 - 97*u - 7. Calculate y(0).
-7
Let i(b) = -b**2 - 667*b - 92898. Give i(-198).
-36
Let i(o) = 11082*o - 379. Calculate i(0).
-379
Let x(u) = u**3 + 10*u**2 - 1702*u - 15342. Calculate x(-9).
57
Let k(y) = 72*y**2 - 4625*y - 4624. Give k(-1).
73
Let q(w) = w**2 - 1938*w - 738071. Calculate q(-326).
-7
Let n(f) = f**3 + 50*f**2 - 3624*f - 2186. Calculate n(-90).
-26
Let s(i) = 182*i**3 + 1288*i**2 + 22*i + 4. Calculate s(-7).
536
Let j(d) = -12*d**3 - 16*d**2 - 51*d - 1. Calculate j(-5).
1354
Let r(a) = -7*a**2 - 1000*a + 1998. Calculate r(2).
-30
Let h(y) = -1405*y**3 + 17*y**2 - 22*y + 6. What is h(1)?
-1404
Let b(h) = h**2 - 948*h - 112875. Give b(-107).
10
Let j(w) = -19*w**2 - 451*w + 1802. Calculate j(4).
-306
Let p(t) = 179*t**2 + 36567*t + 10406. Calculate p(-204).
2
Let f(y) = -y**3 - 79*y**2 + 213*y + 4804. Give f(-81).
673
Let j(y) = -1354*y + 11782. Determine j(8).
950
Let l(i) = -3590*i - 470293. Give l(-131).
-3
Let d(g) = -31*g**2 - 8337*g + 655. Calculate d(-269).
117
Let v(s) = s**3 - s**2 - 6644*s + 429. Give v(-81).
591
Let t(u) = 3*u**2 - 7312*u + 259345. Give t(36).
1
Let d(u) = -35024*u + 665484. What is d(19)?
28
Let g(y) = -y**3 - 71*y**2 + 5894*y + 1064. Determine g(-120).
-616
Let n(y) = 3*y**2 + 67*y - 452. What is n(-31)?
354
Let a(x) = 81565*x - 489385. Determine a(6).
5
Let z(d) = -2*d**3 - 134*d**2 - 126*d + 8. What is z(-66)?
-388
Let r(u) = 588384*u - 2941909. Calculate r(5).
11
Let t(v) = 51011*v - 561120. Calculate t(11).
1
Let m(l) = 4376*l + 2949424. Calculate m(-674).
0
Let p(c) = 3955*c - 284756. What is p(72)?
4
Let i(o) = -51*o - 12186. What is i(-239)?
3
Let y(a) = -66*a**2 + 185*a - 165. Give y(7).
-2104
Let k(d) = -2684*d**2 + 179825*d + 198. Determine k(67).
-3
Let x(r) = -2*r**3 - 1274*r**2 - 2483*r + 36190. Give x(-635).
-5
Let d(y) = -4*y**3 - 1381*y**2 - 316*y + 9733. Give d(-345).
-272
Let q(s) = -4*s**3 - 1189*s**2 - 1548*s - 371543. Determine q(-297).
4
Let u(c) = -112145*c + 31. Calculate u(0).
31
Let f(m) = 677*m - 308000. Give f(455).
35
Let n(d) = -8*d**2 - 48*d + 511. Calculate n(12).
-1217
Let v(q) = 5*q**2 - 432*q + 6488. Give v(71).
1021
Let a(r) = 12*r**2 + 1266*r - 138626. Determine a(67).
64
Let f(j) = 787*j + 22131. Determine f(-28).
95
Let w(c) = 405*c**2 - 3984*c - 65. What is w(10)?
595
Let z(o) = -2449*o - 14277. Give z(-6).
417
Let l(h) = h**3 - 30*h**2 + 471*h - 15591. Give l(31).
-29
Let u(j) = -9397*j - 65683. Give u(-7).
96
Let r(y) = 4899*y - 269454. What is r(55)?
-9
Let n(m) = m**2 - 1293*m + 52548. Calculate n(42).
6
Let w(o) = -490*o - 6965. Determine w(-21).
3325
Let p(h) = 140*h**2 + 3666*h + 710. What is p(-26)?
34
Let f(a) = a**3 + 75*a**2 + 71*a + 432. Give f(-74).
654
Let h(l) = -194*l**2 - 7149*l + 43. Give h(-37).
-1030
Let c(s) = -s**3 + 20*s**2 - 61*s + 117. Determine c(14).
439
Let i(n) = -n**3 + 26*n**2 + 11*n + 200. What is i(26)?
486
Let k(j) = 62890*j - 314451. Give k(5).
-1
Let o(b) = -50550*b + 5661618. Determine o(112).
18
Let w(g) = 170067*g + 510210. Determine w(-3).
9
Let m(b) = -35264*b + 105790. What is m(3)?
-2
Let o(s) = s**3 - 42*s**2 + 1465*s - 28511. What is o(27)?
109
Let w(o) = 3*o**3 + 27*o**2 - 126*o + 93. What is w(-13)?
-297
Let f(b) = 1260*b + 17636. Give f(-14).
-4
Let h(v) = 199747*v - 998720. Determine h(5).
15
Let a(k) = 22015*k + 264178. Determine a(-12).
-2
Let g(v) = v**3 + 285*v**2 - 608*v - 9792. Calculate g(-287).
-34
Let b(k) = 254*k - 133336. Determine b(525).
14
Let u(p) = -2*p**2 - 28*p - 33. Calculate u(-20).
-273
Let c(w) = 10*w**3 - 25*w**2 + 850*w - 2590. Calculate c(3).
5
Let i(z) = -70*z**3 - 177*z**2 + 72*z - 28. Give i(-3).
53
Let r(g) = -g**2 + 401*g - 7213. Give r(19).
45
Let n(r) = -374*r - 7864. What is n(-21)?
-10
Let o(y) = -57*y**2 - 40141*y - 9167. Calculate o(-704).
-15
Let x(k) = 256*k**2 - 19477*k + 1561. Calculate x(76).
-35
Let a(n) = -722*n - 44412. Determine a(-62).
352
Let n(c) = 7*c**2 - 2278*c - 21166. Determine n(-9).
-97
Let y(t) = 6192*t + 49561. Calculate y(-8).
25
Let a(d) = 5*d**3 - 310*d**2 - 327*d + 753. What is a(63)?
-3
Let b(f) = -f**3 + 49*f**2 - 540*f + 29387. What is b(50)?
-113
Let j(p) = -p**3 - 276*p**2 + 5333*p - 751. Give j(18).
-13
Let j(x) = 9*x**3 + 14*x**2 - 45*x - 205. What is j(-5)?
-755
Let x(z) = 239*z - 7702. What is x(40)?
1858
Let i(h) = -h**3 - 2488*h**2 - 14760*h + 802. What is i(-6)?
10
Let b(u) = 2575*u - 46363. Calculate b(18).
-13
Let i(l) = 2374*l + 1258161. Give i(-530).
-59
Let t(z) = 39918*z + 1197531. What is t(-30)?
-9
Let z(q) = q**3 + 43*q**2 - 350*q + 25. Calculate z(7).
25
Let g(o) = -o**3 - 26*o**2 + 286*o + 7496. Calculate g(-26).
60
Let x(b) = 7*b**2 - 142*b - 13377. Give x(55).
-12
Let o(u) = -5*u**3 + 366*u**2 - 541*u + 34163. What is o(73)?
-1
Let y(q) = 10*q**2 - 652*q - 459. Give y(63).
-1845
Let t(a) = a**3 + 196*a**2 - 2272*a + 1046. Give t(-207).
11
Let h(f) = 5*f**2 + 274*f - 28763. Calculate h(-108).
-35
Let m(u) = 4413*u + 180965. Give m(-41).
32
Let g(n) = -54599*n - 382199. Calculate g(-7).
-6
Let r(o) = 13*o**2 + 437*o + 391. What is r(-32)?
-281
Let n(a) = 33*a**2 + 1683*a - 83. Calculate n(-51).
-83
Let g(a) = -15*a**3 + 222*a**2 + 26*a + 280. Determine g(15).
-5
Let o(l) = 7*l**2 + 321*l - 3084. What is o(-54)?
-6
Let o(b) = b**2 - 168*b - 8828. Give o(210).
-8
Let c(t) = -51*t - 1665. What is c(-32)?
-33
Let o(p) = -p**2 + 2183*p + 19767. Determine o(-9).
39
Let f(n) = n**3 + 218*n**2 - 96*n - 20907. Determine f(-218).
21
Let z(q) = 52*q**2 + 1202*q + 130. Determine z(-23).
-8
Let l(x) = -x**2 - 899*x + 32625. Give l(-934).
-65
Let f(d) = 2*d**3 + 9*d**2 + 31*d + 438. What is f(-7)?
-24
Let g(f) = -319*f + 66013. What is g(207)?
-20
Let m(n) = -n**3 + 36*n**2 - 48*n - 1690. Determine m(33).
-7
Let a(n) = n**3 - 38*n**2 + 26*n + 102. Calculate a(37).
-305
Let h(y) = y**3 - 47*y**2 - 116*y - 1539. Give h(50).
161
Let g(s) = -2715*s - 92385. Determine g(-34).
-75
Let c(f) = -10608*f - 52923. What is c(-5)?
117
Let c(s) = s**3 - 345*s**2 - 124290*s + 2195. Give c(-220).
-5
Let k(q) = 21*q**2 - 491*q - 4289. Determine k(-9).
1831
Let c(x) = -13*x**2 - 273*x - 276. What is c(-1)?
-16
Let v(c) = c**3 + 109*c**2 - 101005*c - 8298. Determine v(268).
10
Let k(c) = 163897*c + 2786058. Determine k(-17).
-191
Let q(v) = 2007*v - 176632. Determine q(88).
-16
Let u(m) = 15*m + 961. What is u(-57)?
106
Let n(q) = 1003*q - 112359. What is n(112)?
-23
Let m(k) = -1798*k + 208566. Determine m(116).
-2
Let q(w) = -515*w**2 - 128*w + 129. What is q(1)?
-514
Let g(w) = -4*w**2 + 902*w - 15252. What is g(207)?
66
Let f(t) = t**3 + 75*t**2 + 1391*t + 272. Give f(-42).
62
Let r(j) = j**2 - 18*j + 89. Give r(27).
332
Let r(j) = 1970*j - 1219435. Give r(619).
-5
Let p(x) = -x**3 + 16*x**2 + 1993*x + 707. Determine p(-37).
-477
Let z(n) = -2533*n - 22709. Give z(-9).
88
Let l(b) = 56*b**2 - 238*b - 5. Determine l(0).
-5
Let x(z) = 5*z**3 + 18*z**2 - 6*z - 92. Give x(-4).
-100
Let x(n) = -849*n - 136688. Determine x(-161).
1
Let v(a) = 61*a**2 + 3625*a + 46074. Calculate v(-41).
-10
Let u(q) = 200*q**2 - 521*q + 60. What is u(3)?
297
Let t(g) = 2376*g + 45248. Give t(-19).
104
Let o(l) = l**3 + 9*l**2 + 376*l + 3250. Calculate o(-9).
-134
Let m(a) = a**3 - 44*a**2 - 129*a + 11560. Determine m(40).
0
Let a(c) = -2720*c - 41223. Give a(-15).
-423
Let u(a) = -3*a**2 - 303*a - 7278. Give u(-62).
-24
Let c(s) = -1277*s**2 - 10387*s - 1366. What is c(-8)?
2
Let s(b) = 7384*b + 14791. What is s(-2)?
23
Let d(z) = -1041*z**2 - 19782*z - 52. Give d(-19).
5
Let g(n) = -238*n - 4441. What is g(-21)?
557
Let t(